0 + -2)*-5 is divided by -2*((1 - 1) + -1) - -3.
3
Let t(j) = 13*j**2 - 3*j - 2. Calculate the remainder when 173 is divided by t(2).
41
Let c(f) = f**2 + 34. Let l be c(0). Let p = 66 - l. Let k = -23 + p. What is the remainder when k is divided by 5?
4
Suppose -125 + 14 = -3*x. Suppose 6 = -i + 79. What is the remainder when i is divided by x?
36
Suppose 2*f = 3*f + 6. Calculate the remainder when 10 is divided by (f/9)/(1/(-9)).
4
Let g = -4 + 20. Suppose t - 2*a = -0*t + 9, 5*a = 2*t - g. Suppose 4*b - 16 = 2*d - d, t = -b - 4*d. Calculate the remainder when 3 is divided by b.
0
Suppose 6 = 3*k, -2*a - 6*k + k = -168. What is the remainder when a is divided by 10?
9
Let r = 15 + -6. Suppose 0*z = -4*z - 5*o + 124, -3*o = 5*z - 142. Calculate the remainder when z is divided by r.
8
Suppose 33 = 2*n + 7. Suppose -11*c = -n*c + 36. What is the remainder when c is divided by 10?
8
Suppose -y = -2 - 1. Suppose -2*o = y*o. Suppose o = 2*r + 8, -3*h = -2*h - 4*r - 26. What is the remainder when 19 is divided by h?
9
Let u = -14 + 26. Suppose -u = 2*n - 6*n. What is the remainder when 5 is divided by n?
2
Let i = -49 - -66. Calculate the remainder when i is divided by 10.
7
Suppose -3*s + b = -32, -2*b + 7*b - 20 = 0. Calculate the remainder when 22 is divided by s.
10
Let j(i) = -i**3 - 2*i**2 + 3*i + 7. Let y(v) = 3 - 3 + 6*v + 4*v - 7. What is the remainder when j(-5) is divided by y(3)?
21
Suppose 2*x = -0*x + 68. Calculate the remainder when x is divided by (1 + -9)*(-18)/8.
16
What is the remainder when 36 is divided by 2/7 + 262/14?
17
Suppose -2*b - 3*s - s + 140 = 0, 3*s = -4*b + 290. What is the remainder when b is divided by 15?
14
Let i(s) = -s**3 - 10*s**2 - s - 1. Suppose -5*b - b + 150 = 0. Calculate the remainder when b is divided by i(-10).
7
Suppose -3*i + 30 = -5*i. Let m be (-4)/(-20) - (-123)/i. What is the remainder when (26/(-8))/1*m is divided by 9?
8
Let l(i) = -2*i + 1. Let t = -17 - -42. Calculate the remainder when t is divided by l(-6).
12
Suppose 3*x - 4 = -x. Suppose 5*i - 108 - 52 = -4*t, -i + 8 = -4*t. What is the remainder when i is divided by x + 9/(-1 - -2)?
8
Suppose 5*l - 30 = 2*d, 2*l + d = 18 + 3. Let p(a) = a**2 + 2*a - 5. What is the remainder when l is divided by p(-4)?
2
What is the remainder when 43 is divided by 0 - 4 - -12 - -4?
7
Suppose -3*x - 5*n + 32 = -0*x, 3*n + 42 = 5*x. Suppose -r = -3*r + 34. What is the remainder when r is divided by x?
8
Suppose 8*k - 38 = 18. What is the remainder when -1 - (11 - -2)/(-1) is divided by k?
5
Suppose -29 = -3*w - j, w - 6 = 4*j + 8. What is the remainder when (-4)/(-6)*345/w is divided by 12?
11
Let o = -21 + 31. Suppose -s - 2*i + 4*i = 5, -5*i = 3*s + 26. Let b(h) = h**2 + 2*h - 6. Calculate the remainder when b(s) is divided by o.
9
Suppose -y - 3 = -4. Let o(v) = 7*v**3 - v**2 + v. Let r be o(y). Suppose -6*u + r*u - 9 = 0. Calculate the remainder when 35 is divided by u.
8
Suppose 0 = -w - 5*i + 58, -2*w - 3*i + 124 = -i. What is the remainder when w is divided by 32?
31
Let q(j) = 7*j + 1. Suppose 0 = -7*a + 4*a - 3. Let g be q(a). Let p(t) = -t**2 - 7*t - 3. What is the remainder when 8 is divided by p(g)?
2
Let b be 8/10*10/4. Suppose b*u - 63 = -u. What is the remainder when u is divided by 8?
5
Let b(w) = -w - 3. Let j be b(9). Calculate the remainder when (-418)/j + (-1)/(-6) is divided by 19.
16
Suppose 13*a - 45 = 4*a. What is the remainder when 13 is divided by a?
3
Suppose 0 = u - 0*v + 4*v - 4, 0 = u + 5*v - 5. Suppose h - 6*h + 27 = n, -3 = -n + h. What is the remainder when (u - 2) + 14*1 is divided by n?
5
Suppose -2*t + 7 = -163. Let y = 42 + -20. What is the remainder when t is divided by y?
19
Suppose 8*k - 3*k = 375. Calculate the remainder when k is divided by 26.
23
Let z be ((-3)/6)/(1/12). Let v(f) = f + 14. Calculate the remainder when 22 is divided by v(z).
6
Calculate the remainder when 154 is divided by (-2)/15 - (-985)/75.
11
Suppose 0 = -4*o - 4 + 80. What is the remainder when 111 is divided by o?
16
Suppose 0*p + 5*p - 25 = 0. Let i = 11 - -2. Calculate the remainder when i is divided by p.
3
Let x be (7 + -6)*(1 - -2). Let u(s) = 0*s**2 + 4 + s**3 - 6*s**2 - 3 + x*s + 0*s**2. Calculate the remainder when 56 is divided by u(6).
18
Suppose -5*q = 2*v - 91 - 38, -4*q + 12 = 0. Let k(f) = -3*f**3 - 3*f**2 - 3*f - 3. Calculate the remainder when v is divided by k(-2).
12
Suppose -3*r + 159 = -3*s, -3*s = r - 3*r + 108. Calculate the remainder when r is divided by 6.
3
Let y(p) = -3*p - 3. Suppose 4*s + 4 + 12 = 0. What is the remainder when y(s) is divided by 3 + (-11)/3 + (-34)/(-6)?
4
Suppose 4*c = 4, -2*c = -0*k - 2*k + 10. What is the remainder when 22 is divided by k?
4
Suppose -6*s + 2*s + i + 6 = 0, 4*i = s + 6. What is the remainder when (1 + (-5)/2)/((-108)/288) is divided by s?
0
Suppose -c = -3*p + 186, 2*p - 5*c - 131 = -2*c. Let n be -1*(1 - 2) - -23. Let q = n + -8. What is the remainder when p is divided by q?
13
Let n(h) = h**3 + 15*h**2 + 14*h + 8. Calculate the remainder when 15 is divided by n(-14).
7
Let j be 15*3/9 - 4. Suppose 2*i - 4*i + 27 = 3*o, j = o. What is the remainder when 45 is divided by i?
9
Let w = 49 - 12. What is the remainder when w is divided by 10?
7
Suppose 3*v + 4*x = 29, 4*x = -3*v + 2*x + 19. What is the remainder when v is divided by 1?
0
Let o(w) = 0*w + 1 + 0*w - 2*w. Let j(p) = -p - 3. Let l be j(3). Calculate the remainder when o(l) is divided by 8.
5
Suppose 5*l + 5*j = 230, -l + 3 = 5*j - 51. Let s = -30 + 52. Suppose 4*c - 5*k - l = 0, 0*c + c = 4*k + s. What is the remainder when 17 is divided by c?
5
Let m(v) = -39*v - 24. Let x(j) = 11*j + 7. Let f(a) = 5*m(a) + 18*x(a). Calculate the remainder when f(5) is divided by 8.
5
Let h(w) = -w**2 + 2. Let m be (-4)/10 - (-2)/5. Let l = 3 - m. What is the remainder when l is divided by h(0)?
1
Suppose 27 = 3*a + 3. Suppose 0 = -r + 17 + 5. What is the remainder when r is divided by a?
6
Calculate the remainder when 76 is divided by (-5 - 3)*13/(-4).
24
Let a(t) = -6*t**3 + t - 1. Let c be a(1). Let v = -3 - c. Suppose v*o = 2*o + 7. Calculate the remainder when o is divided by 2.
1
Suppose 5*a - 1 = -h, -4*a = -3*a + 2*h + 7. Suppose w = 5 + a. What is the remainder when 9 is divided by w?
3
Suppose 2*m - 126 + 20 = -3*l, -4*m + 226 = -l. Calculate the remainder when m is divided by 20.
16
Let s(x) = -2*x - 2. Suppose 9*i - 189 = 2*i. Calculate the remainder when i is divided by s(-6).
7
Let x = 99 + -48. Calculate the remainder when x is divided by 11.
7
Let t(u) = 2*u - 3. Calculate the remainder when t(3) is divided by (-26)/13*(-2)/4.
0
Suppose 0 = 2*c - 0*c - 8. Calculate the remainder when 39 is divided by ((-285)/(-38))/(3/c).
9
Let v = -67 + 128. Let o = v - 14. What is the remainder when o is divided by 25?
22
What is the remainder when (-5)/15 - (-58)/3 is divided by -1 + 1*2 + 10?
8
Let r be (-60)/(4 - 7) - -4. Let l = r + -20. What is the remainder when 14 is divided by l?
2
Suppose 4*s - 5*b - 67 = 14, 5*s = -4*b + 132. Calculate the remainder when 95 is divided by s.
23
Let b = -2 - -52. Suppose -4*n = -3*n + 14. What is the remainder when b is divided by (2 - n)/1 + -3?
11
Let i(f) = -3*f - 1. Calculate the remainder when i(-10) is divided by 6.
5
Suppose r = 3*r + 104. Let c = 82 - 181. Let p = r - c. What is the remainder when p is divided by 16?
15
Suppose h - 84 = -3*h. Calculate the remainder when 41 is divided by h.
20
Suppose 162 = -2*u + 5*u. Let c(z) = -2*z**2 + 6*z + 4. Let k be c(6). Let h = u + k. Calculate the remainder when 42 is divided by h.
20
Let g be (-3)/9 - (-106)/3. Suppose 3*l = -4*o + 119, -l + 0*o + o = -g. Calculate the remainder when l is divided by 13.
11
Let m(y) = -26*y - 2. Calculate the remainder when 94 is divided by m(-1).
22
Suppose -3*r - r + 44 = 0. Let p(k) = 8*k**2 - k + 1. Let t be p(3). Let q = -38 + t. Calculate the remainder when q is divided by r.
10
What is the remainder when 95 is divided by (1 - (-20)/(-12))*-36?
23
Suppose 5*d - 4*d = 5*l + 5, 4*d + 2*l = -2. Let q(u) = -u**2 + 14. What is the remainder when 27 is divided by q(d)?
13
Suppose -12 - 33 = -3*c. Calculate the remainder when 102 is divided by c.
12
Let u be 219/2 - 1/2. Let q(i) = i**2 + i - 13. Let r b